 be (-6)/(-12) - f/(-2). Suppose t = 4*t - z. Let k(s) = s**3 - 5*s**2 + s + 3. Determine k(t).
-9
Let a(z) = -z**3 + 2*z**2 + z. Let f(h) be the second derivative of h**4/12 + h**3/6 + 3*h**2/2 + h. Let i be f(0). Suppose 2*t - 3*t = -i. Give a(t).
-6
Let c(h) = -h**2 + 3*h + 2. Suppose -4*v + 0 = -16. Suppose -39 = -v*o + 2*n - 15, -5*o = 4*n - 43. Let x be 21/o*(2 - 1). What is c(x)?
2
Let p(x) = 5*x**2 + 3*x + 2. Let t(o) = -6*o**2 - 4*o - 3. Let c(y) = 5*p(y) + 4*t(y). Suppose 0*s - 5*s = -2*s. Calculate c(s).
-2
Let g(f) = 14*f**2 + 6*f + 13. Let o(k) = 14*k**2 + 5*k + 11. Let q(x) = -5*g(x) + 6*o(x). Determine q(1).
15
Let c(o) = -o**2 + 2*o + 4. Let q = -5 + 2. Let d(m) = -m**2 + m + 5. Let v(n) = q*c(n) + 2*d(n). Let z be 10/(-4)*6/(-10)*2. What is v(z)?
-5
Let g be -2 - (-4 + 1 + -3). Let o(h) = -h + h - 2*h + g - h. What is o(4)?
-8
Let q(c) = -6*c. Let h(l) = -8*l. Let g(x) = 2*h(x) - 3*q(x). Give g(2).
4
Let f(z) = 3*z - 5. Let d(h) = -16*h + 26. Let q(i) = 2*d(i) + 11*f(i). Suppose -4*r = -c - 13, -3*c = 5*r - r - 9. Let o = 6 - r. Calculate q(o).
0
Let m(c) = -c. Suppose g - 8*g = 406. Let s = -53 - g. Give m(s).
-5
Let x be 2/((-6)/369*3 - 0). Let u = -37 - x. Let j(a) = a**3 - 4*a**2 + 2*a - 5. Calculate j(u).
3
Let v(w) be the first derivative of -3*w**2/2 + 2*w - 1. Let q be v(0). Let u(g) = -q*g - g**3 + g**2 - 5*g + 7*g. What is u(2)?
-4
Let a(z) = -5*z**3 - 3*z**2 + 6*z + 1. Let s(d) = -4*d**3 - 4*d**2 + 5*d + 1. Let g(w) = -5*a(w) + 6*s(w). Calculate g(9).
1
Let b(d) = 4 + 2 + 9*d + 7 - 6. What is b(-7)?
-56
Let f(y) = -y**3 - 11*y**2 + 28*y + 28. Let o be f(-13). Let n(m) = -m**3 - m + 1. Give n(o).
-9
Let c(d) = -3*d - 3. Suppose 3*y - 5*y - 6 = w, 6 = -4*y - 5*w. What is c(y)?
9
Let r(m) be the first derivative of -m**4/4 + 5*m**3/3 + 3*m**2 - 4*m + 19. Let s be 5*-7 + (-6)/6. Let n be 10/(-4)*s/15. Give r(n).
-4
Let h = -44 + 52. Let p(n) = -43 - h*n + 9*n + 44. Determine p(3).
4
Let f(a) = a**3 + 3*a**2 - 4. Let m(d) be the first derivative of d**3/3 - d**2/2 + 2*d - 4. Let t be m(2). Let s be -2*(18/t + -3). Determine f(s).
-4
Let y be 1/(-4) - (-38)/(-8). Let j(i) be the third derivative of -i**6/120 - i**5/10 - 7*i**4/24 - i**3 - 7122*i**2. Determine j(y).
4
Suppose 23*z - 25*z = 154. Let c = -5 - z. Let a be (c/(-32))/((-6)/16). Let i(f) = f**2 - 7*f + 7. Give i(a).
1
Let v(n) = -5*n + 2. Suppose -33 = 11*q - 44*q. What is v(q)?
-3
Let r(l) = -4*l**2 + 2*l + 3 + 3*l**2 + 4. Let x(h) = h**3 + 4*h**2 - 4. Let j be x(-3). Determine r(j).
-8
Let l(q) be the second derivative of q**4/12 + 5*q**3/6 + 3*q**2 - 90*q - 2. What is l(-6)?
12
Let a(m) be the second derivative of 0 + 0*m**3 + 5/12*m**4 + 0*m**2 + 11*m + 3/40*m**5 - 1/720*m**6. Let p(j) be the third derivative of a(j). Determine p(5).
4
Let m(w) = w**3 - 6*w**2 + 2*w - 4. Let j = -24 - -111. Let o be (-6)/(-36) - j/(-18). What is m(o)?
-19
Let q = 6 - 11. Let n(u) = 5*u**3 + 13*u**3 + u**2 - 5*u**2 - 19*u**3 + 5*u. Give n(q).
0
Let f(a) be the third derivative of -a**5/60 - a**4/4 - a**3/3 + 486*a**2. Determine f(-5).
3
Let b be ((-12)/(-8) - -3)*(-20)/15. Let g(r) = 9*r. Let m(u) = 6*u - 22*u - 10*u. Let q(i) = b*m(i) - 17*g(i). What is q(-1)?
-3
Let f = -28 + 30. Let z(d) = 2 + 20*d**3 - 3*d**f - 3*d**2 - 21*d**3 - 2*d + 0. Give z(-2).
-10
Let k(t) be the third derivative of t**6/120 - t**5/10 + t**4/3 - 7*t**3/6 - 5*t**2 + t. Calculate k(5).
8
Let c(s) = 1226*s**3 - 3 - 1227*s**3 + s - 5*s - 4*s**2. Let b = -8 + 6. Determine c(b).
-3
Let s(f) = -3*f - 1. Let y(a) = -8*a - 59. Let p be y(-7). Calculate s(p).
8
Let v(j) = -11*j - 33. Let h(u) = 5*u + 16. Let c(y) = -5*h(y) - 2*v(y). Calculate c(-6).
4
Let p = -3 - -5. Let q(y) = -y**2 - 17*y + 2. Let z be q(-17). Let k(t) = -21*t - 1 + 9*t + 11*t - 3*t**z. Give k(p).
-15
Let d(j) be the second derivative of 7/20*j**5 - 1/6*j**3 + 0*j**2 + 0 + 0*j**4 + 8*j. Determine d(1).
6
Let r(h) = h**3 - h**2 - h + 1. Let j be 28/(-168) - 11/6. What is r(j)?
-9
Let d(n) = n**3. Let w be 1/(-4 + 3) - -1. Suppose 3*m + m - 4 = 0, w = 4*o + 4*m - 4. Calculate d(o).
0
Let q(r) = 4 + 2 - 3 - 4. Let p(t) = t + 4. Let b(z) = p(z) + 6*q(z). What is b(-4)?
-6
Let p be 5/(-8)*-5*72/150. Let c(o) be the first derivative of -9 + 3*o - 1/3*o**3 + 1/2*o**4 - p*o**2. Determine c(2).
9
Let y(c) = c + 3. Let g(o) = -2*o**3 + o**2 + 2*o + 1. Let a(w) = w**3 + 7*w**2 - 8*w - 2. Let m be a(-8). Let u be g(m). Let v = u - 14. What is y(v)?
6
Let v(t) = t - 6. Let a(p) be the first derivative of p**3/3 + 19*p**2/2 - 17*p - 6. Let b be a(-20). Give v(b).
-3
Let h(q) be the second derivative of -q**4/4 - q**3/6 + 4*q**2 + 538*q. What is h(-3)?
-16
Let r(i) be the first derivative of i**2/2 + 3*i + 121. Determine r(-8).
-5
Let n(g) be the second derivative of -g**5/20 + 11*g**4/12 - g**3/6 + 4*g**2 - 37*g - 1. Calculate n(11).
-3
Let d be (20/50)/((-1)/(-5)). Let y(v) = 3*v**2 - 2*v - 2. Let n be y(d). Let m(s) = 7*s + n - 11*s - 3. Give m(-3).
15
Let w(j) be the first derivative of -7*j**2 - j - 123. What is w(-1)?
13
Let l(f) = -90*f + 269*f + 11 - 89*f - 91*f. Let i = 4 - -1. What is l(i)?
6
Suppose -24 = -2*j + 6*j - 4*f, -5 = -f. Let y(b) = -5*b. Give y(j).
5
Let l(o) = 2*o - 45. Let y = 836 - 816. What is l(y)?
-5
Let j(a) = -7*a**3 - 14*a**2 - 8*a + 25. Let t(n) = 3*n**3 + 7*n**2 + 3*n - 12. Let y(k) = 2*j(k) + 5*t(k). Determine y(-7).
-3
Let n be (-25)/(-3) + (-1)/3. Suppose 11*y + 14*y - 175 = 0. Suppose -n*f = -y*f - 7. Let m(c) = -c**3 + 8*c**2 - 7*c + 6. Calculate m(f).
6
Let s = 1 - 0. Let u = 28 + -24. Let m(r) = -2 - 10*r + 6 + 1 - u. Determine m(s).
-9
Let j(c) = 4*c - 16. Let m(u) = 2*u - 8. Let h(z) = -4*j(z) + 9*m(z). Let g = -3 + 0. Let p = 9 + g. Give h(p).
4
Let u be (0/2)/(3 - (8 - 4)). Let b(i) be the second derivative of -i**4/12 + i**3/6 - 7*i**2/2 - 8*i. What is b(u)?
-7
Suppose 20*y + 64*y - 32*y = 0. Let h(b) = 7*b - 8. Let c(l) = 8*l - 9. Let n(z) = 6*c(z) - 7*h(z). Let q(i) = -1. Let s(m) = n(m) + 6*q(m). Calculate s(y).
-4
Let r be 25/(-10)*12/15. Let v be r/(-3)*(-3)/2. Let g(c) = -2*c**2. Let s be g(v). Let k(y) = 2*y + 2. Give k(s).
-2
Let u = 57 - 53. Let q(b) = 6*b + 5. Let o(j) = 5*j + 4. Let l(a) = u*o(a) - 3*q(a). Let i = 1 + -2. What is l(i)?
-1
Let o = 35 + -18. Let i = -13 + o. Suppose -5*k = -l - 21, -3*l - i*k + 16 = -4*l. Let v(m) = -2*m + 6. What is v(l)?
-2
Let g(r) = -r + 2. Let i(f) be the second derivative of -f**3/2 + 5*f**2/2 - 15*f. Let z(m) = -5*g(m) + 2*i(m). Calculate z(4).
-4
Suppose -2*x + 10 = 0, 6*j - 7 = 3*j + 4*x. Let r be -8*(-1 - j/(-12)). Let m(s) = 6 + 2*s**r + 7*s + 2*s**2 - 3*s**2. Calculate m(-4).
-6
Let q be (-2)/(-9) + 14/18. Let u(r) = 9*r**2 + 8. Let y(w) = 14*w**2 + 11. Let o(i) = 7*u(i) - 5*y(i). Give o(q).
-6
Suppose m - 8 = -m. Let s = -55 - -68. Let t(w) = s - 22 + 7 + w. Determine t(m).
2
Let q(t) = -186 + 173 - 8*t + 9*t. What is q(13)?
0
Suppose -58*v + 24 = -54*v. Let n(j) = j**3 - 7*j**2 - 8. Give n(v).
-44
Let z(i) = -13*i + 334. Let u be z(25). Let x(p) = p**2 - 10*p - 5. Calculate x(u).
-14
Let p(y) = -y**3 - 4*y**2 + 3*y - 7. Suppose 6*l - 2*l - 125 = v, -3*l + v + 93 = 0. Let z be 18/(-4) + (-16)/l. What is p(z)?
3
Suppose 124 = -p + 5*d, -223 = -2*p + 4*p - 5*d. Let t = p - -105. Let l(v) = -v**2 + 5*v + 5. Give l(t).
-1
Let u(f) = -5*f**3 - 14*f**2 + 16*f - 11. Let o(y) = -2*y**3 - 7*y**2 + 8*y - 6. Let j(k) = -7*o(k) + 3*u(k). Let m be ((-9)/(-2))/(9/12). What is j(m)?
-3
Let d(q) = 2*q**2 + 30*q + 5. Let g be d(-15). Let i(l) = 3*l + 2. Calculate i(g).
17
Let k(h) be the third derivative of h**6/360 - h**5/120 - 5*h**3 + 26*h**2. Let z(r) be the first derivative of k(r). What is z(4)?
12
Let i(b) = b**2 - b. Let p(r) = -r**3 - 3*r**2 - 3*r + 3. Let t be p(0). Calculate i(t).
6
Let d(v) = -v**3 - 5*v**2 - 2*v - 5. Let m be (5*6/(-30))/(2/8). Determine d(m).
-13
Let g(d) = -4*d**3 - 21*d**2 + 2. Let r(f) = f**3 + 7*f**2 - 1. Let c(k) = 2*g(k) + 7*r(k). Let a(y) = y**2 + 51*y + 501. Let h be a(-13). What is c(h)?
-3
Let g(n) = n**3 + 2*n**2 - 5*n - 6. Let a(r) = 2. Let h(m) = 4*a(m) + g(m). Calculate h(3).
32
Let i(g) be the first derivative of g**6/120 + g**5/30 + g**4/8 + g**3/6 - 6*g**2 + 10. Let k(x) be the second derivative of i(x). Calculate k(-2